f 26 and 2158?
26
Calculate the greatest common factor of 475 and 19.
19
Calculate the highest common factor of 99 and 8217.
99
What is the greatest common factor of 45 and 1440?
45
Calculate the greatest common divisor of 30 and 70.
10
What is the highest common divisor of 46 and 2944?
46
Calculate the highest common factor of 40 and 80.
40
What is the greatest common divisor of 1056 and 96?
96
What is the highest common factor of 1584 and 18?
18
Calculate the highest common factor of 15 and 12.
3
Calculate the greatest common factor of 112 and 1988.
28
What is the greatest common divisor of 1284 and 44619?
321
What is the greatest common divisor of 102632 and 8?
8
What is the greatest common divisor of 169 and 117?
13
What is the greatest common factor of 1716 and 836?
44
Calculate the greatest common factor of 11 and 5.
1
Calculate the highest common factor of 25 and 400.
25
Calculate the greatest common factor of 24755 and 5.
5
What is the highest common factor of 371 and 1219?
53
Calculate the highest common factor of 121 and 55.
11
Calculate the highest common factor of 8994 and 6.
6
What is the greatest common divisor of 64 and 352?
32
What is the greatest common divisor of 7 and 371?
7
What is the greatest common factor of 36 and 1044?
36
Calculate the greatest common divisor of 689 and 53.
53
What is the greatest common factor of 11 and 6523?
11
What is the highest common divisor of 3232 and 416?
32
Calculate the highest common divisor of 81 and 9.
9
What is the greatest common factor of 133 and 57?
19
Calculate the highest common divisor of 2541 and 42.
21
What is the highest common divisor of 594 and 1320?
66
What is the greatest common factor of 20 and 40?
20
What is the greatest common factor of 979 and 22?
11
What is the greatest common divisor of 5694 and 702?
78
Calculate the highest common divisor of 12 and 42.
6
What is the highest common factor of 62 and 403?
31
Calculate the highest common factor of 32 and 12.
4
What is the highest common factor of 30 and 3720?
30
Calculate the highest common factor of 5340 and 40.
20
Calculate the greatest common divisor of 12 and 39.
3
What is the greatest common factor of 15 and 685?
5
Calculate the greatest common factor of 14 and 154.
14
Calculate the greatest common divisor of 221 and 578.
17
Calculate the highest common factor of 429 and 44.
11
Calculate the greatest common factor of 138 and 6.
6
What is the greatest common divisor of 105 and 483?
21
Calculate the greatest common factor of 340 and 140.
20
What is the greatest common factor of 10 and 130?
10
Calculate the highest common divisor of 358 and 8.
2
What is the highest common factor of 7579 and 286?
143
What is the highest common factor of 50 and 175?
25
What is the greatest common divisor of 150 and 4?
2
What is the highest common factor of 220 and 1880?
20
Calculate the highest common factor of 65 and 5.
5
What is the highest common divisor of 21 and 12369?
21
Calculate the highest common factor of 94 and 1504.
94
Calculate the highest common divisor of 522 and 18.
18
What is the highest common divisor of 140 and 35?
35
What is the greatest common factor of 3698 and 258?
86
What is the greatest common factor of 2116 and 46?
46
What is the greatest common factor of 21 and 483?
21
Calculate the greatest common divisor of 63 and 14.
7
What is the greatest common divisor of 957 and 2175?
87
What is the greatest common divisor of 160 and 15?
5
What is the highest common divisor of 1734 and 102?
102
Calculate the highest common factor of 14406 and 84.
42
What is the greatest common divisor of 388 and 1261?
97
Calculate the highest common factor of 6 and 14.
2
What is the greatest common factor of 704 and 132?
44
What is the greatest common factor of 31812 and 33?
33
What is the greatest common factor of 726 and 54087?
363
Calculate the greatest common divisor of 184 and 529.
23
What is the greatest common divisor of 689 and 637?
13
Calculate the greatest common divisor of 25 and 400.
25
Calculate the highest common factor of 68 and 34.
34
What is the highest common factor of 13 and 65?
13
What is the highest common factor of 322 and 46?
46
Calculate the highest common factor of 2340 and 156.
156
What is the greatest common divisor of 120 and 150?
30
Calculate the greatest common divisor of 7 and 5299.
7
What is the greatest common divisor of 880 and 3784?
88
Calculate the highest common divisor of 24178 and 154.
154
What is the greatest common divisor of 121 and 121?
121
What is the greatest common divisor of 3008 and 48?
16
What is the greatest common divisor of 580 and 1276?
116
Calculate the greatest common divisor of 2368 and 148.
148
What is the greatest common divisor of 116 and 3132?
116
Calculate the greatest common factor of 32 and 15192.
8
What is the greatest common factor of 15 and 25575?
15
Calculate the greatest common divisor of 954 and 72.
18
Calculate the greatest common factor of 1416 and 24.
24
What is the greatest common divisor of 51 and 35751?
51
What is the highest common divisor of 328 and 1066?
82
What is the highest common factor of 60 and 19540?
20
What is the greatest common factor of 792 and 432?
72
What is the highest common factor of 25 and 27325?
25
Calculate the greatest common factor of 171 and 18.
9
What is the greatest common divisor of 3759 and 21?
21
What is the highest common divisor of 40 and 6940?
20
What is the greatest common divisor of 48 and 684?
12
Calculate the highest common factor of 20 and 500.
20
What is the greatest common divisor of 168 and 3402?
42
What is the highest common divisor of 117 and 4797?
117
What is the greatest common divisor of 30 and 30?
30
Calculate the greatest common divisor of 3870 and 990.
90
What is the highest common factor of 782 and 272?
34
What is the greatest common factor of 47649 and 21?
21
What is the highest common factor of 23 and 667?
23
Calculate the greatest common factor of 10 and 86.
2
What is the highest common factor of 136 and 442?
34
Calculate the highest common factor of 1221 and 66.
33
Calculate the greatest common factor of 22968 and 198.
198
What is the greatest common factor of 14 and 126?
14
What is the greatest common divisor of 29488 and 304?
304
What is the greatest common divisor of 220 and 352?
44
What is the highest common factor of 117 and 9?
9
What is the highest common factor of 4885 and 15?
5
What is the highest common factor of 7048 and 8?
8
Calculate the greatest common divisor of 148 and 17908.
148
What is the highest common divisor of 90 and 720?
90
What is the highest common divisor of 789 and 263?
263
What is the greatest common divisor of 60 and 45?
15
Calculate the highest common divisor of 3342 and 30.
6
Calculate the greatest common divisor of 53973 and 27.
27
What is the highest common divisor of 2363 and 17?
17
What is the greatest common divisor of 71 and 284?
71
What is the greatest common factor of 24 and 138?
6
Calculate the highest common divisor of 42 and 5250.
42
What is the greatest common factor of 53 and 4293?
53
Calculate the greatest common factor of 29 and 464.
29
What is the greatest common divisor of 804 and 252?
12
Calculate the greatest common factor of 102 and 1139.
17
Calculate the greatest common factor of 16674 and 3.
3
What is the highest common divisor of 150 and 45?
15
Calculate the highest common factor of 27 and 69.
3
Calculate the highest common divisor of 93 and 9517.
31
Calculate the highest common factor of 1225 and 21.
7
What is the highest common divisor of 1054 and 62?
62
What is the highest common factor of 483 and 92?
23
Calculate the greatest common divisor of 345 and 3243.
69
Calculate the highest common factor of 105 and 8820.
105
What is the greatest common divisor of 16 and 848?
16
What is the highest common factor of 496 and 776?
8
What is the greatest common factor of 9 and 72?
9
Calculate the greatest common divisor of 53 and 848.
53
What is the highest common divisor of 33 and 253?
11
Calculate the greatest common divisor of 84 and 828.
12
Calculate the highest common divisor of 799 and 17.
17
Calculate the highest common divisor of 26 and 106.
2
What is the highest common factor of 1539 and 399?
57
Calculate the highest common factor of 2130 and 71.
71
What i